{"id":80,"date":"2019-05-09T20:53:09","date_gmt":"2019-05-09T20:53:09","guid":{"rendered":"https:\/\/ipega.ar\/?post_type=product&#038;p=80"},"modified":"2020-04-30T00:34:27","modified_gmt":"2020-04-30T00:34:27","slug":"pirates-gamepad-bluetooth-profesional","status":"publish","type":"product","link":"https:\/\/ipega.ar\/?product=pirates-gamepad-bluetooth-profesional","title":{"rendered":"9089 Pirates Gamepad Bluetooth Profesional"},"content":{"rendered":"\t\t<div data-elementor-type=\"wp-post\" data-elementor-id=\"80\" class=\"elementor elementor-80\" data-elementor-post-type=\"product\">\n\t\t\t\t\t\t\t\t\t<section class=\"elementor-section elementor-top-section elementor-element elementor-element-380bf793 elementor-section-boxed elementor-section-height-default elementor-section-height-default\" data-id=\"380bf793\" data-element_type=\"section\">\n\t\t\t\t\t\t<div class=\"elementor-container elementor-column-gap-default\">\n\t\t\t\t\t<div class=\"elementor-column elementor-col-100 elementor-top-column elementor-element elementor-element-5d629222 elementor-invisible\" data-id=\"5d629222\" data-element_type=\"column\" data-settings=\"{&quot;animation&quot;:&quot;bounceInLeft&quot;}\">\n\t\t\t<div class=\"elementor-widget-wrap elementor-element-populated\">\n\t\t\t\t\t\t\t\t<div class=\"elementor-element elementor-element-6ec06230 elementor-widget elementor-widget-text-editor\" data-id=\"6ec06230\" data-element_type=\"widget\" data-widget_type=\"text-editor.default\">\n\t\t\t\t<div class=\"elementor-widget-container\">\n\t\t\t\t\t\t\t<p><strong>Ipega 9089 Pirates profesional Bluetooth gamepad<\/strong> es principalmente adecuado para consolas de juegos Android \/ Windows \/ PS3. Cuando use un tel\u00e9fono inteligente \/ tableta \/ TV inteligente \/ decodificador \/ PC con conexi\u00f3n Bluetooth, \u00faselo durante la operaci\u00f3n del juego.<\/p><hr \/><p>Con funci\u00f3n telesc\u00f3pica, admite tel\u00e9fonos m\u00f3viles de hasta 6,2 pulgadas y la conexi\u00f3n por cable admite el modo P3.<\/p><hr \/><p><br \/>Independiente (requiere compatibilidad con juegos) que admite descargas de Android Store de Google, como: Shadow Gun, Death Trigger, etc.<br \/>Con los botones cruzados reemplazables de la funci\u00f3n de aceleraci\u00f3n turbo El juego es m\u00e1s poderoso y r\u00e1pido.<br \/>Admite conexi\u00f3n por cable a la computadora Conexi\u00f3n en modo 360 La conexi\u00f3n Bluetooth (con un adaptador Bluetooth requerido) admite juegos que se ejecutan en modo emulador.<\/p><hr \/><p><br \/>En modo rat\u00f3n, con funciones multimedia: volumen &#8211; \/ volumen + \/ reproducir. pausa \/ anterior \/ siguiente<\/p><hr \/><p><strong>Dise\u00f1o y desarrollo:<\/strong> El gamepad Bluetooth profesional de los piratas Ipega 9089 es especial para la competencia, tres sistemas y compatibilidad multiplataforma. El dise\u00f1o de cruces de cruces rituales del giroscopio lo hace tener una experiencia de juego perfecta. Los chips de procesamiento de alto rendimiento y la nueva generaci\u00f3n de motores de juego te hacen disfrutar perfectamente del juego.<\/p><hr \/><p>Ipega 9089 piratas gamepad Bluetooth profesional rompe el patr\u00f3n de distribuci\u00f3n de posici\u00f3n clave de los perif\u00e9ricos tradicionales desde la posici\u00f3n clave del controlador, hace que la posici\u00f3n clave sea m\u00e1s humanizada y persigue la cima del dise\u00f1o industrial. Los detalles son exquisitos y se adaptan perfectamente a la ingenier\u00eda del cuerpo humano. Un ajuste m\u00e1s adecuado para la operaci\u00f3n de los jugadores puede ayudar al jugador controlador a liberar habilidades m\u00e1s perfectas, evitar las habilidades equivocadas y provocar el fallo del juego, para ayudar al jugador a ganar una buena experiencia del juego.<\/p>\t\t\t\t\t\t<\/div>\n\t\t\t\t<\/div>\n\t\t\t\t<div class=\"elementor-element elementor-element-28cc492 elementor-widget elementor-widget-spacer\" data-id=\"28cc492\" data-element_type=\"widget\" data-widget_type=\"spacer.default\">\n\t\t\t\t<div class=\"elementor-widget-container\">\n\t\t\t\t\t<div class=\"elementor-spacer\">\n\t\t\t<div class=\"elementor-spacer-inner\"><\/div>\n\t\t<\/div>\n\t\t\t\t<\/div>\n\t\t\t\t<\/div>\n\t\t\t\t\t<\/div>\n\t\t<\/div>\n\t\t\t\t\t\t\t<\/div>\n\t\t<\/section>\n\t\t\t\t\t\t\t<\/div>\n\t\t","protected":false},"excerpt":{"rendered":"<p>Ipega 9089 Pirates profesional Bluetooth gamepad es principalmente adecuado para consolas de juegos Android \/ Windows \/ PS3<\/p>\n","protected":false},"featured_media":258,"template":"","meta":[],"product_cat":[43],"product_tag":[],"yoast_head":"<!-- This site is optimized with the Yoast SEO plugin v21.7 - https:\/\/yoast.com\/wordpress\/plugins\/seo\/ -->\n<title>9089 Pirates Gamepad Bluetooth Profesional &#8211; ipega<\/title>\n<meta name=\"robots\" content=\"index, follow, max-snippet:-1, max-image-preview:large, max-video-preview:-1\" \/>\n<link rel=\"canonical\" href=\"https:\/\/ipega.ar\/?product=pirates-gamepad-bluetooth-profesional\" \/>\n<meta property=\"og:locale\" content=\"es_ES\" \/>\n<meta property=\"og:type\" content=\"article\" \/>\n<meta property=\"og:title\" content=\"9089 Pirates Gamepad Bluetooth Profesional &#8211; ipega\" \/>\n<meta property=\"og:description\" content=\"Ipega 9089 Pirates profesional Bluetooth gamepad es principalmente adecuado para consolas de juegos Android \/ Windows \/ PS3\" \/>\n<meta property=\"og:url\" content=\"https:\/\/ipega.ar\/?product=pirates-gamepad-bluetooth-profesional\" \/>\n<meta property=\"og:site_name\" content=\"ipega\" \/>\n<meta property=\"article:publisher\" content=\"https:\/\/www.facebook.com\/ipegaoficial\/\" \/>\n<meta property=\"article:modified_time\" content=\"2020-04-30T00:34:27+00:00\" \/>\n<meta property=\"og:image\" content=\"https:\/\/ipega.ar\/wp-content\/uploads\/2019\/05\/9089-1a.jpg\" \/>\n\t<meta property=\"og:image:width\" content=\"800\" \/>\n\t<meta property=\"og:image:height\" content=\"800\" \/>\n\t<meta property=\"og:image:type\" content=\"image\/jpeg\" \/>\n<meta name=\"twitter:card\" content=\"summary_large_image\" \/>\n<meta name=\"twitter:label1\" content=\"Tiempo de lectura\" \/>\n\t<meta name=\"twitter:data1\" content=\"2 minutos\" \/>\n<script type=\"application\/ld+json\" class=\"yoast-schema-graph\">{\"@context\":\"https:\/\/schema.org\",\"@graph\":[{\"@type\":\"WebPage\",\"@id\":\"https:\/\/ipega.ar\/?product=pirates-gamepad-bluetooth-profesional\",\"url\":\"https:\/\/ipega.ar\/?product=pirates-gamepad-bluetooth-profesional\",\"name\":\"9089 Pirates Gamepad Bluetooth Profesional &#8211; ipega\",\"isPartOf\":{\"@id\":\"https:\/\/ipega.ar\/#website\"},\"datePublished\":\"2019-05-09T20:53:09+00:00\",\"dateModified\":\"2020-04-30T00:34:27+00:00\",\"breadcrumb\":{\"@id\":\"https:\/\/ipega.ar\/?product=pirates-gamepad-bluetooth-profesional#breadcrumb\"},\"inLanguage\":\"es\",\"potentialAction\":[{\"@type\":\"ReadAction\",\"target\":[\"https:\/\/ipega.ar\/?product=pirates-gamepad-bluetooth-profesional\"]}]},{\"@type\":\"BreadcrumbList\",\"@id\":\"https:\/\/ipega.ar\/?product=pirates-gamepad-bluetooth-profesional#breadcrumb\",\"itemListElement\":[{\"@type\":\"ListItem\",\"position\":1,\"name\":\"Portada\",\"item\":\"https:\/\/ipega.ar\/\"},{\"@type\":\"ListItem\",\"position\":2,\"name\":\"Tienda\",\"item\":\"https:\/\/ipega.ar\/?page_id=9\"},{\"@type\":\"ListItem\",\"position\":3,\"name\":\"9089 Pirates Gamepad Bluetooth Profesional\"}]},{\"@type\":\"WebSite\",\"@id\":\"https:\/\/ipega.ar\/#website\",\"url\":\"https:\/\/ipega.ar\/\",\"name\":\"ipega\",\"description\":\"GAMEPADS PARA VOS\",\"publisher\":{\"@id\":\"https:\/\/ipega.ar\/#organization\"},\"potentialAction\":[{\"@type\":\"SearchAction\",\"target\":{\"@type\":\"EntryPoint\",\"urlTemplate\":\"https:\/\/ipega.ar\/?s={search_term_string}\"},\"query-input\":\"required name=search_term_string\"}],\"inLanguage\":\"es\"},{\"@type\":\"Organization\",\"@id\":\"https:\/\/ipega.ar\/#organization\",\"name\":\"ipega\",\"url\":\"https:\/\/ipega.ar\/\",\"logo\":{\"@type\":\"ImageObject\",\"inLanguage\":\"es\",\"@id\":\"https:\/\/ipega.ar\/#\/schema\/logo\/image\/\",\"url\":\"https:\/\/ipega.ar\/wp-content\/uploads\/2019\/05\/Logo-mobile.png\",\"contentUrl\":\"https:\/\/ipega.ar\/wp-content\/uploads\/2019\/05\/Logo-mobile.png\",\"width\":150,\"height\":72,\"caption\":\"ipega\"},\"image\":{\"@id\":\"https:\/\/ipega.ar\/#\/schema\/logo\/image\/\"},\"sameAs\":[\"https:\/\/www.facebook.com\/ipegaoficial\/\",\"https:\/\/www.instagram.com\/ipegaoficial\/\"]}]}<\/script>\n<!-- \/ Yoast SEO plugin. -->","yoast_head_json":{"title":"9089 Pirates Gamepad Bluetooth Profesional &#8211; ipega","robots":{"index":"index","follow":"follow","max-snippet":"max-snippet:-1","max-image-preview":"max-image-preview:large","max-video-preview":"max-video-preview:-1"},"canonical":"https:\/\/ipega.ar\/?product=pirates-gamepad-bluetooth-profesional","og_locale":"es_ES","og_type":"article","og_title":"9089 Pirates Gamepad Bluetooth Profesional &#8211; ipega","og_description":"Ipega 9089 Pirates profesional Bluetooth gamepad es principalmente adecuado para consolas de juegos Android \/ Windows \/ PS3","og_url":"https:\/\/ipega.ar\/?product=pirates-gamepad-bluetooth-profesional","og_site_name":"ipega","article_publisher":"https:\/\/www.facebook.com\/ipegaoficial\/","article_modified_time":"2020-04-30T00:34:27+00:00","og_image":[{"width":800,"height":800,"url":"https:\/\/ipega.ar\/wp-content\/uploads\/2019\/05\/9089-1a.jpg","type":"image\/jpeg"}],"twitter_card":"summary_large_image","twitter_misc":{"Tiempo de lectura":"2 minutos"},"schema":{"@context":"https:\/\/schema.org","@graph":[{"@type":"WebPage","@id":"https:\/\/ipega.ar\/?product=pirates-gamepad-bluetooth-profesional","url":"https:\/\/ipega.ar\/?product=pirates-gamepad-bluetooth-profesional","name":"9089 Pirates Gamepad Bluetooth Profesional &#8211; ipega","isPartOf":{"@id":"https:\/\/ipega.ar\/#website"},"datePublished":"2019-05-09T20:53:09+00:00","dateModified":"2020-04-30T00:34:27+00:00","breadcrumb":{"@id":"https:\/\/ipega.ar\/?product=pirates-gamepad-bluetooth-profesional#breadcrumb"},"inLanguage":"es","potentialAction":[{"@type":"ReadAction","target":["https:\/\/ipega.ar\/?product=pirates-gamepad-bluetooth-profesional"]}]},{"@type":"BreadcrumbList","@id":"https:\/\/ipega.ar\/?product=pirates-gamepad-bluetooth-profesional#breadcrumb","itemListElement":[{"@type":"ListItem","position":1,"name":"Portada","item":"https:\/\/ipega.ar\/"},{"@type":"ListItem","position":2,"name":"Tienda","item":"https:\/\/ipega.ar\/?page_id=9"},{"@type":"ListItem","position":3,"name":"9089 Pirates Gamepad Bluetooth Profesional"}]},{"@type":"WebSite","@id":"https:\/\/ipega.ar\/#website","url":"https:\/\/ipega.ar\/","name":"ipega","description":"GAMEPADS PARA VOS","publisher":{"@id":"https:\/\/ipega.ar\/#organization"},"potentialAction":[{"@type":"SearchAction","target":{"@type":"EntryPoint","urlTemplate":"https:\/\/ipega.ar\/?s={search_term_string}"},"query-input":"required name=search_term_string"}],"inLanguage":"es"},{"@type":"Organization","@id":"https:\/\/ipega.ar\/#organization","name":"ipega","url":"https:\/\/ipega.ar\/","logo":{"@type":"ImageObject","inLanguage":"es","@id":"https:\/\/ipega.ar\/#\/schema\/logo\/image\/","url":"https:\/\/ipega.ar\/wp-content\/uploads\/2019\/05\/Logo-mobile.png","contentUrl":"https:\/\/ipega.ar\/wp-content\/uploads\/2019\/05\/Logo-mobile.png","width":150,"height":72,"caption":"ipega"},"image":{"@id":"https:\/\/ipega.ar\/#\/schema\/logo\/image\/"},"sameAs":["https:\/\/www.facebook.com\/ipegaoficial\/","https:\/\/www.instagram.com\/ipegaoficial\/"]}]}},"_links":{"self":[{"href":"https:\/\/ipega.ar\/index.php?rest_route=\/wp\/v2\/product\/80"}],"collection":[{"href":"https:\/\/ipega.ar\/index.php?rest_route=\/wp\/v2\/product"}],"about":[{"href":"https:\/\/ipega.ar\/index.php?rest_route=\/wp\/v2\/types\/product"}],"version-history":[{"count":10,"href":"https:\/\/ipega.ar\/index.php?rest_route=\/wp\/v2\/product\/80\/revisions"}],"predecessor-version":[{"id":736,"href":"https:\/\/ipega.ar\/index.php?rest_route=\/wp\/v2\/product\/80\/revisions\/736"}],"wp:featuredmedia":[{"embeddable":true,"href":"https:\/\/ipega.ar\/index.php?rest_route=\/wp\/v2\/media\/258"}],"wp:attachment":[{"href":"https:\/\/ipega.ar\/index.php?rest_route=%2Fwp%2Fv2%2Fmedia&parent=80"}],"wp:term":[{"taxonomy":"product_cat","embeddable":true,"href":"https:\/\/ipega.ar\/index.php?rest_route=%2Fwp%2Fv2%2Fproduct_cat&post=80"},{"taxonomy":"product_tag","embeddable":true,"href":"https:\/\/ipega.ar\/index.php?rest_route=%2Fwp%2Fv2%2Fproduct_tag&post=80"}],"curies":[{"name":"wp","href":"https:\/\/api.w.org\/{rel}","templated":true}]}}