{"id":290,"date":"2019-05-15T10:27:47","date_gmt":"2019-05-15T10:27:47","guid":{"rendered":"https:\/\/ipega.ar\/?post_type=product&#038;p=290"},"modified":"2020-04-30T00:39:29","modified_gmt":"2020-04-30T00:39:29","slug":"future-warrior","status":"publish","type":"product","link":"https:\/\/ipega.ar\/?product=future-warrior","title":{"rendered":"9088 Future Warrior"},"content":{"rendered":"\t\t<div data-elementor-type=\"wp-post\" data-elementor-id=\"290\" class=\"elementor elementor-290\" data-elementor-post-type=\"product\">\n\t\t\t\t\t\t\t\t\t<section class=\"elementor-section elementor-top-section elementor-element elementor-element-380bf793 elementor-section-boxed elementor-section-height-default elementor-section-height-default\" data-id=\"380bf793\" data-element_type=\"section\">\n\t\t\t\t\t\t<div class=\"elementor-container elementor-column-gap-default\">\n\t\t\t\t\t<div class=\"elementor-column elementor-col-100 elementor-top-column elementor-element elementor-element-5d629222 elementor-invisible\" data-id=\"5d629222\" data-element_type=\"column\" data-settings=\"{&quot;animation&quot;:&quot;bounceInLeft&quot;}\">\n\t\t\t<div class=\"elementor-widget-wrap elementor-element-populated\">\n\t\t\t\t\t\t\t\t<div class=\"elementor-element elementor-element-6ec06230 elementor-widget elementor-widget-text-editor\" data-id=\"6ec06230\" data-element_type=\"widget\" data-widget_type=\"text-editor.default\">\n\t\t\t\t<div class=\"elementor-widget-container\">\n\t\t\t\t\t\t\t<hr \/><p><em><strong>El Ipega 9088 Future Warrior Bluetooth Gamepad es principalmente adecuado para las consolas de juegos de Android \/ Windows \/ PS3.<\/strong><\/em><\/p><hr \/><p><em><strong>Cuando use un tel\u00e9fono inteligente \/ tableta \/ TV inteligente \/ decodificador \/ PC con conexi\u00f3n Bluetooth, \u00faselo durante la operaci\u00f3n del juego.<\/strong><\/em><\/p><hr \/><p><em><strong>Equipado con un soporte desmontable para tel\u00e9fonos de hasta 6 pulgadas, la conexi\u00f3n por cable admite el modo P3.<\/strong><\/em><\/p><hr \/><p><em><strong>Independiente (requiere soporte de juegos) que admite descargas de Android Store de Google. Por ejemplo: Shadow Gun, Death Trigger, etc. o juego de simulador.<\/strong><\/em><\/p><hr \/><p><em><strong>Admite la conexi\u00f3n por cable de la computadora Conexi\u00f3n en modo 360 Conexi\u00f3n Bluetooth (con adaptador Bluetooth requerido) Admite juegos que se ejecutan en modo simulador.<\/strong><\/em><\/p><hr \/><p><em><strong>En modo rat\u00f3n, con funci\u00f3n multimedia: volumen &#8211; \/ volumen + \/ reproducir. pausa \/ canci\u00f3n anterior \/ siguiente.<\/strong><\/em><\/p><hr \/><p><em><strong>Ipega 9088 Future warrior tiene 256 disparadores. Desarrollado y dise\u00f1ado\u00a0 basado en las ideas y la experiencia de los jugadores, para que los jugadores experimenten un control real.<\/strong><\/em><\/p><hr \/><p><em><strong>La aceleraci\u00f3n y la desaceleraci\u00f3n tienen una experiencia m\u00e1s perfecta en el partido.<\/strong><\/em><\/p>\t\t\t\t\t\t<\/div>\n\t\t\t\t<\/div>\n\t\t\t\t<div class=\"elementor-element elementor-element-28cc492 elementor-widget elementor-widget-spacer\" data-id=\"28cc492\" data-element_type=\"widget\" data-widget_type=\"spacer.default\">\n\t\t\t\t<div class=\"elementor-widget-container\">\n\t\t\t\t\t<div class=\"elementor-spacer\">\n\t\t\t<div class=\"elementor-spacer-inner\"><\/div>\n\t\t<\/div>\n\t\t\t\t<\/div>\n\t\t\t\t<\/div>\n\t\t\t\t\t<\/div>\n\t\t<\/div>\n\t\t\t\t\t\t\t<\/div>\n\t\t<\/section>\n\t\t\t\t\t\t\t<\/div>\n\t\t","protected":false},"excerpt":{"rendered":"<p>El Ipega 9088 Future Warrior Bluetooth Gamepad es principalmente adecuado para las consolas de juegos de Android \/ Windows \/ PS3. Cuando use un tel\u00e9fono inteligente \/ tableta \/ TV inteligente \/ decodificador \/ PC con conexi\u00f3n Bluetooth, \u00faselo durante la operaci\u00f3n del juego.<\/p>\n","protected":false},"featured_media":291,"template":"","meta":[],"product_cat":[43],"product_tag":[],"yoast_head":"<!-- This site is optimized with the Yoast SEO plugin v21.7 - https:\/\/yoast.com\/wordpress\/plugins\/seo\/ -->\n<title>9088 Future Warrior &#8211; ipega<\/title>\n<meta name=\"robots\" content=\"index, follow, max-snippet:-1, max-image-preview:large, max-video-preview:-1\" \/>\n<link rel=\"canonical\" href=\"https:\/\/ipega.ar\/?product=future-warrior\" \/>\n<meta property=\"og:locale\" content=\"es_ES\" \/>\n<meta property=\"og:type\" content=\"article\" \/>\n<meta property=\"og:title\" content=\"9088 Future Warrior &#8211; ipega\" \/>\n<meta property=\"og:description\" content=\"El Ipega 9088 Future Warrior Bluetooth Gamepad es principalmente adecuado para las consolas de juegos de Android \/ Windows \/ PS3. Cuando use un tel\u00e9fono inteligente \/ tableta \/ TV inteligente \/ decodificador \/ PC con conexi\u00f3n Bluetooth, \u00faselo durante la operaci\u00f3n del juego.\" \/>\n<meta property=\"og:url\" content=\"https:\/\/ipega.ar\/?product=future-warrior\" \/>\n<meta property=\"og:site_name\" content=\"ipega\" \/>\n<meta property=\"article:publisher\" content=\"https:\/\/www.facebook.com\/ipegaoficial\/\" \/>\n<meta property=\"article:modified_time\" content=\"2020-04-30T00:39:29+00:00\" \/>\n<meta property=\"og:image\" content=\"https:\/\/ipega.ar\/wp-content\/uploads\/2019\/05\/9088-1.jpg\" \/>\n\t<meta property=\"og:image:width\" content=\"800\" \/>\n\t<meta property=\"og:image:height\" content=\"800\" \/>\n\t<meta property=\"og:image:type\" content=\"image\/jpeg\" \/>\n<meta name=\"twitter:card\" content=\"summary_large_image\" \/>\n<meta name=\"twitter:label1\" content=\"Tiempo de lectura\" \/>\n\t<meta name=\"twitter:data1\" content=\"1 minuto\" \/>\n<script type=\"application\/ld+json\" class=\"yoast-schema-graph\">{\"@context\":\"https:\/\/schema.org\",\"@graph\":[{\"@type\":\"WebPage\",\"@id\":\"https:\/\/ipega.ar\/?product=future-warrior\",\"url\":\"https:\/\/ipega.ar\/?product=future-warrior\",\"name\":\"9088 Future Warrior &#8211; ipega\",\"isPartOf\":{\"@id\":\"https:\/\/ipega.ar\/#website\"},\"datePublished\":\"2019-05-15T10:27:47+00:00\",\"dateModified\":\"2020-04-30T00:39:29+00:00\",\"breadcrumb\":{\"@id\":\"https:\/\/ipega.ar\/?product=future-warrior#breadcrumb\"},\"inLanguage\":\"es\",\"potentialAction\":[{\"@type\":\"ReadAction\",\"target\":[\"https:\/\/ipega.ar\/?product=future-warrior\"]}]},{\"@type\":\"BreadcrumbList\",\"@id\":\"https:\/\/ipega.ar\/?product=future-warrior#breadcrumb\",\"itemListElement\":[{\"@type\":\"ListItem\",\"position\":1,\"name\":\"Portada\",\"item\":\"https:\/\/ipega.ar\/\"},{\"@type\":\"ListItem\",\"position\":2,\"name\":\"Tienda\",\"item\":\"https:\/\/ipega.ar\/?page_id=9\"},{\"@type\":\"ListItem\",\"position\":3,\"name\":\"9088 Future Warrior\"}]},{\"@type\":\"WebSite\",\"@id\":\"https:\/\/ipega.ar\/#website\",\"url\":\"https:\/\/ipega.ar\/\",\"name\":\"ipega\",\"description\":\"GAMEPADS PARA VOS\",\"publisher\":{\"@id\":\"https:\/\/ipega.ar\/#organization\"},\"potentialAction\":[{\"@type\":\"SearchAction\",\"target\":{\"@type\":\"EntryPoint\",\"urlTemplate\":\"https:\/\/ipega.ar\/?s={search_term_string}\"},\"query-input\":\"required name=search_term_string\"}],\"inLanguage\":\"es\"},{\"@type\":\"Organization\",\"@id\":\"https:\/\/ipega.ar\/#organization\",\"name\":\"ipega\",\"url\":\"https:\/\/ipega.ar\/\",\"logo\":{\"@type\":\"ImageObject\",\"inLanguage\":\"es\",\"@id\":\"https:\/\/ipega.ar\/#\/schema\/logo\/image\/\",\"url\":\"https:\/\/ipega.ar\/wp-content\/uploads\/2019\/05\/Logo-mobile.png\",\"contentUrl\":\"https:\/\/ipega.ar\/wp-content\/uploads\/2019\/05\/Logo-mobile.png\",\"width\":150,\"height\":72,\"caption\":\"ipega\"},\"image\":{\"@id\":\"https:\/\/ipega.ar\/#\/schema\/logo\/image\/\"},\"sameAs\":[\"https:\/\/www.facebook.com\/ipegaoficial\/\",\"https:\/\/www.instagram.com\/ipegaoficial\/\"]}]}<\/script>\n<!-- \/ Yoast SEO plugin. -->","yoast_head_json":{"title":"9088 Future Warrior &#8211; ipega","robots":{"index":"index","follow":"follow","max-snippet":"max-snippet:-1","max-image-preview":"max-image-preview:large","max-video-preview":"max-video-preview:-1"},"canonical":"https:\/\/ipega.ar\/?product=future-warrior","og_locale":"es_ES","og_type":"article","og_title":"9088 Future Warrior &#8211; ipega","og_description":"El Ipega 9088 Future Warrior Bluetooth Gamepad es principalmente adecuado para las consolas de juegos de Android \/ Windows \/ PS3. Cuando use un tel\u00e9fono inteligente \/ tableta \/ TV inteligente \/ decodificador \/ PC con conexi\u00f3n Bluetooth, \u00faselo durante la operaci\u00f3n del juego.","og_url":"https:\/\/ipega.ar\/?product=future-warrior","og_site_name":"ipega","article_publisher":"https:\/\/www.facebook.com\/ipegaoficial\/","article_modified_time":"2020-04-30T00:39:29+00:00","og_image":[{"width":800,"height":800,"url":"https:\/\/ipega.ar\/wp-content\/uploads\/2019\/05\/9088-1.jpg","type":"image\/jpeg"}],"twitter_card":"summary_large_image","twitter_misc":{"Tiempo de lectura":"1 minuto"},"schema":{"@context":"https:\/\/schema.org","@graph":[{"@type":"WebPage","@id":"https:\/\/ipega.ar\/?product=future-warrior","url":"https:\/\/ipega.ar\/?product=future-warrior","name":"9088 Future Warrior &#8211; ipega","isPartOf":{"@id":"https:\/\/ipega.ar\/#website"},"datePublished":"2019-05-15T10:27:47+00:00","dateModified":"2020-04-30T00:39:29+00:00","breadcrumb":{"@id":"https:\/\/ipega.ar\/?product=future-warrior#breadcrumb"},"inLanguage":"es","potentialAction":[{"@type":"ReadAction","target":["https:\/\/ipega.ar\/?product=future-warrior"]}]},{"@type":"BreadcrumbList","@id":"https:\/\/ipega.ar\/?product=future-warrior#breadcrumb","itemListElement":[{"@type":"ListItem","position":1,"name":"Portada","item":"https:\/\/ipega.ar\/"},{"@type":"ListItem","position":2,"name":"Tienda","item":"https:\/\/ipega.ar\/?page_id=9"},{"@type":"ListItem","position":3,"name":"9088 Future Warrior"}]},{"@type":"WebSite","@id":"https:\/\/ipega.ar\/#website","url":"https:\/\/ipega.ar\/","name":"ipega","description":"GAMEPADS PARA VOS","publisher":{"@id":"https:\/\/ipega.ar\/#organization"},"potentialAction":[{"@type":"SearchAction","target":{"@type":"EntryPoint","urlTemplate":"https:\/\/ipega.ar\/?s={search_term_string}"},"query-input":"required name=search_term_string"}],"inLanguage":"es"},{"@type":"Organization","@id":"https:\/\/ipega.ar\/#organization","name":"ipega","url":"https:\/\/ipega.ar\/","logo":{"@type":"ImageObject","inLanguage":"es","@id":"https:\/\/ipega.ar\/#\/schema\/logo\/image\/","url":"https:\/\/ipega.ar\/wp-content\/uploads\/2019\/05\/Logo-mobile.png","contentUrl":"https:\/\/ipega.ar\/wp-content\/uploads\/2019\/05\/Logo-mobile.png","width":150,"height":72,"caption":"ipega"},"image":{"@id":"https:\/\/ipega.ar\/#\/schema\/logo\/image\/"},"sameAs":["https:\/\/www.facebook.com\/ipegaoficial\/","https:\/\/www.instagram.com\/ipegaoficial\/"]}]}},"_links":{"self":[{"href":"https:\/\/ipega.ar\/index.php?rest_route=\/wp\/v2\/product\/290"}],"collection":[{"href":"https:\/\/ipega.ar\/index.php?rest_route=\/wp\/v2\/product"}],"about":[{"href":"https:\/\/ipega.ar\/index.php?rest_route=\/wp\/v2\/types\/product"}],"version-history":[{"count":6,"href":"https:\/\/ipega.ar\/index.php?rest_route=\/wp\/v2\/product\/290\/revisions"}],"predecessor-version":[{"id":734,"href":"https:\/\/ipega.ar\/index.php?rest_route=\/wp\/v2\/product\/290\/revisions\/734"}],"wp:featuredmedia":[{"embeddable":true,"href":"https:\/\/ipega.ar\/index.php?rest_route=\/wp\/v2\/media\/291"}],"wp:attachment":[{"href":"https:\/\/ipega.ar\/index.php?rest_route=%2Fwp%2Fv2%2Fmedia&parent=290"}],"wp:term":[{"taxonomy":"product_cat","embeddable":true,"href":"https:\/\/ipega.ar\/index.php?rest_route=%2Fwp%2Fv2%2Fproduct_cat&post=290"},{"taxonomy":"product_tag","embeddable":true,"href":"https:\/\/ipega.ar\/index.php?rest_route=%2Fwp%2Fv2%2Fproduct_tag&post=290"}],"curies":[{"name":"wp","href":"https:\/\/api.w.org\/{rel}","templated":true}]}}